base 10) to base 5
2000
Convert 10001111 (base 2) to base 8.
217
What is -3 (base 11) in base 16?
-3
Convert 12 (base 6) to base 14.
8
-4 (base 9) to base 4
-10
-3 (base 13) to base 5
-3
What is 3 (base 14) in base 9?
3
-6 (base 8) to base 2
-110
Convert -213 (base 4) to base 11.
-36
Convert -314 (base 5) to base 13.
-66
Convert 0 (base 10) to base 15.
0
Convert 11 (base 12) to base 2.
1101
What is -152 (base 13) in base 5?
-1421
1 (base 10) to base 13
1
Convert 2 (base 6) to base 3.
2
What is 40 (base 8) in base 7?
44
Convert -1 (base 9) to base 14.
-1
Convert -1 (base 14) to base 4.
-1
11 (base 12) to base 16
d
Convert 100 (base 2) to base 8.
4
-47 (base 12) to base 5
-210
What is 3 (base 4) in base 3?
10
-1 (base 12) to base 8
-1
-1db (base 14) to base 10
-389
-116 (base 11) to base 10
-138
2122 (base 3) to base 7
131
-74 (base 16) to base 3
-11022
45 (base 14) to base 15
41
What is 3 (base 11) in base 15?
3
18 (base 10) to base 14
14
Convert 1 (base 10) to base 15.
1
Convert 0 (base 13) to base 5.
0
Convert 2 (base 15) to base 5.
2
210 (base 3) to base 5
41
-5a (base 16) to base 9
-110
32 (base 9) to base 13
23
What is -5 (base 12) in base 2?
-101
What is 2 (base 10) in base 2?
10
-85 (base 10) to base 13
-67
Convert -5 (base 13) to base 7.
-5
Convert 0 (base 8) to base 2.
0
What is -d (base 14) in base 11?
-12
What is -112 (base 4) in base 13?
-19
Convert 4 (base 12) to base 10.
4
What is -11111111 (base 2) in base 12?
-193
-25 (base 14) to base 10
-33
29 (base 14) to base 5
122
Convert -6 (base 10) to base 6.
-10
What is 63 (base 10) in base 15?
43
1 (base 10) to base 5
1
-12 (base 7) to base 14
-9
Convert -1 (base 12) to base 7.
-1
Convert -11111 (base 2) to base 16.
-1f
-a0 (base 12) to base 9
-143
Convert 0 (base 2) to base 6.
0
What is 255 (base 7) in base 12?
b6
Convert -11 (base 6) to base 10.
-7
What is -10 (base 2) in base 15?
-2
Convert 62 (base 14) to base 12.
72
2011 (base 5) to base 6
1104
7 (base 14) to base 12
7
Convert -23 (base 5) to base 9.
-14
What is 51 (base 14) in base 4?
1013
What is -167 (base 8) in base 10?
-119
1 (base 10) to base 4
1
Convert -85 (base 12) to base 4.
-1211
-5 (base 14) to base 2
-101
Convert e (base 16) to base 13.
11
What is 6 (base 8) in base 16?
6
Convert 77 (base 12) to base 4.
1123
What is 3222 (base 4) in base 2?
11101010
Convert -3 (base 7) to base 5.
-3
Convert -25 (base 6) to base 8.
-21
Convert -4 (base 8) to base 5.
-4
What is -1 (base 11) in base 6?
-1
-41 (base 12) to base 14
-37
c (base 13) to base 11
11
-21 (base 3) to base 10
-7
-2121 (base 3) to base 5
-240
-20 (base 11) to base 5
-42
9 (base 12) to base 2
1001
What is -24 (base 9) in base 10?
-22
What is 0 (base 8) in base 10?
0
2 (base 13) to base 15
2
What is -1233 (base 4) in base 3?
-11010
21 (base 5) to base 15
b
2 (base 10) to base 3
2
Convert -33 (base 9) to base 5.
-110
Convert -51 (base 6) to base 13.
-25
Convert 5 (base 13) to base 7.
5
Convert 9 (base 10) to base 3.
100
Convert 112 (base 3) to base 11.
13
Convert 77 (base 10) to base 8.
115
-22222 (base 3) to base 11
-200
9 (base 12) to base 11
9
7a (base 13) to base 11
92
What is -11 (base 4) in base 12?
-5
What is 47 (base 8) in base 14?
2b
What is 100 (base 2) in base 4?
10
1 (base 11) to base 6
1
What is -a7 (base 12) in base 3?
-11201
Convert 7 (base 9) to base 15.
7
Convert 7 (base 10) to base 12.
7
What is -1 (base 16) in base 7?
-1
Convert -49 (base 13) to base 3.
-2021
What is -1101001 (base 2) in base 6?
-253
What is -3 (base 9) in base 12?
-3
-4 (base 6) to base 9
-4
30 (base 9) to base 6
43
What is -3 (base 14) in base 3?
-10
Convert -2 (base 7) to base 2.
-10
What is -10 (base 11) in base 3?
-102
Convert 211 (base 5) to base 16.
38
Convert -20 (base 6) to base 5.
-22
8 (base 14) to base 9
8
Convert -6 (base 13) to base 15.
-6
Convert 20 (base 3) to base 14.
6
352 (base 6) to base 13
aa
What is -212 (base 4) in base 6?
-102
-28 (base 12) to base 4
-200
1 (base 10) to base 13
1
a (base 15) to base 8
12
Convert 34 (base 10) to base 14.
26
1000100 (base 2) to base 13
53
Convert -12 (base 10) to base 3.
-110
What is -4 (base 15) in base 6?
-4
What is -10001 (base 4) in base 9?
-315
5 (base 13) to base 16
5
What is 63 (base 11) in base 8?
105
10101101 (base 2) to base 12
125
Convert -34 (base 10) to base 2.
-100010
Convert -2 (base 11) to base 16.
-2
Convert -14 (base 6) to base 14.
-a
-56 (base 15) to base 8
-121
Convert -41 (base 16) to base 6.
-145
What is 11 (base 8) in base 14?
9
What is -21 (base 11) in base 2?
-10111
-1 (base 8) to base 15
-1
What is 1 (base 6) in base 14?
1
What is -111 (base 2) in base 10?
-7
What is -93 (base 10) in base 14?
-69
What is -79 (base 10) in base 12?
-67
22 (base 5) to base 2
1100
Convert 1 (base 2) to base 12.
1
What is 3203 (base 4) in base 15?
102
Convert 6 (base 11) to base 5.
11
Convert -3 (base 14) to base 12.
-3
111 (base 2) to base 14
7
-101110 (base 2) to base 16
-2e
Convert -1 (base 2) to base 15.
-1
-2 (base 5) to base 14
-2
What is -21 (base 4) in base 11?
-9
Convert -3 (base 13) to base 5.
-3
-213 (base 4) to base 7
-54
72 (base 16) to base 15
79
Convert 10022 (base 3) to base 5.
324
-210 (base 3) to base 12
-19
5 (base 12) to base 4
11
What is -1 (base 2) in base 7?
-1
What is 101 (base 7) in base 12?
42
Convert -1 (base 10) to base 5.
-1
What is -3 (base 14) in base 3?
-10
-3 (base 4) to base 8
-3
Convert 2d (base 15) to base 8.
53
What is 11 (base 3) in base 11?
4
20 (base 16) to base 6
52
-2 (base 14) to base 5
-2
What is 10100 (base 2) in base 10?
20
What is 13 (base 11) in base 4?
32
Convert -2131 (base 4) to base 8.
-235
3 (base 5) to base 4
3
-10 (base 14) to base 5
-24
0 (base 12) to base 8
0
-10 (base 6) to base 7
-6
Convert -19e (base 15) to base 2.
-101110110
What is 3 (base 9) in base 12?
3
What is 3 (base 13) in base 5?
3
Convert 4 (base 16) to base 9.
4
What is -99 (base 13) in base 14?
-90
Convert 1 (base 14) to base 13.
1
What is 44 (base 5) in base 2?
11000
11110 (base 2) to base 12
26
3 (base 11) to base 13
3
7 (base 10) to base 6
11
Convert 5 (base 6) to base 8.
5
Convert 1 (base 11) to base 7.
1
150 (base 11) to base 8
260
Convert -4 (base 7) to base 5.
-4
What is 351 (base 6) in base 4?
2023
Convert 54 (base 9) to base 10.
49
-4 (base 7) to base 3
-11
201 (base 13) to base 7
663
Convert -4 (base 14) to base 15.
-4
Convert 1 (base 6) to base 14.
1
-9 (base 15) to base 2
-1001
-92 (base 10) to base 12
-78
Convert 75 (base 13) to base 16.
60
29 (base 14) to base 8
45
What is -c (base 13) in base 12?
-10
What is 15 (base 10) in base 11?
14
-31 (base 13) to base 10
-40
120 (base 4) to base 6
40
-5 (base 16) to base 3
-12
Convert 0 (base 6) to base 7.
0
1 (base 11) to base 14
1
Convert -3 (base 9) to base 13.
-3
What is 4 (base 12) in base 9?
4
Convert 125 (base 6) to base 3.
1222
What is -1 (base 2) in base 7?
-1
Convert 2 (base 7) to base 10.
2
Convert 11 (base 3) to base 13.
4
Convert -34 (base 14) to base 4.
-232
Convert -11 (base 5) to base 2.
-110
1001 (base 2) to base 7
12
Convert -2012 (base 3) to base 6.
-135
What is -124 (base 8) in base 12?
-70
What is 10 (base 2) in base 14?
2
What is 145 (base 9) in base 6?
322
14 (base 15) to base 12
17
Convert 112 (base 4) to base 3.
211
What is bb (base 15) in base 5?
1201
Convert 45 (base 6) to base 14.
21
Convert -b (base 12) to base 6.
-15
85 (base 9) to base 5
302
What is -3 (base 8) in base 6?
-3
Convert -3 (base 4) to base 6.
-3
Convert -38 (base 9) to base 3.
-1022
5 (base 15) to base 6
5
What is 220 (base 4) in base 8?
50
-11 (base 5) to base 12
-6
Convert -225 (base 6) to base 14.
-65
-16 (base 12) to base 6
-30
Convert 9 (base 16) to base 10.
9
-1 (base 3) to base 15
-1
10 (base 6) to base 13
6
-52 (base 13) to base 15
-47
0 (base 7) to base 4
0
What is 306 (base 10) in base 5?
2211
114 (base 13) to base 14
d4
What is -10 (base 3) in base 8?
-3
What is 17 (base 9) in base 8?
20
What is 2 (base 11) in base 8?
2
Convert -107 (base 8) to base 9.
-78
1210 (base 3) to base 5
143
-10 (base 4) to base 7
-4
What is -8 (base 15) in base 7?
-11
Convert 49 (base 15) to base 8.
105
-111 (base 2) to base 6
-11
Convert 6 (base 12) to base 16.
6
Convert -2 (base 5) to base 16.
-2
What is -10 (base 2) in base 7?
-2
22 (base 3) to base 5
13
What i